796.
2, 7, 2805457
List the prime factors of 33340389.
3, 149, 74587
What are the prime factors of 48162802?
2, 17, 239, 5927
List the prime factors of 8990593.
37, 242989
What are the prime factors of 2602633?
11, 223, 1061
List the prime factors of 35158736.
2, 2197421
List the prime factors of 6546413.
71, 92203
List the prime factors of 64666688.
2, 89, 11353
List the prime factors of 3560604266.
2, 28619, 62207
List the prime factors of 7207788313.
11, 13421, 48823
What are the prime factors of 243553099?
243553099
What are the prime factors of 81121147?
1259, 64433
What are the prime factors of 1985997120?
2, 3, 5, 17, 73, 1667
List the prime factors of 26257526.
2, 733, 17911
List the prime factors of 62072375.
5, 496579
What are the prime factors of 1397797486?
2, 22679, 30817
List the prime factors of 22402588.
2, 13, 430819
List the prime factors of 2581890424.
2, 1097, 294199
What are the prime factors of 5625350441?
26321, 213721
List the prime factors of 768188800.
2, 5, 240059
List the prime factors of 65988155.
5, 13197631
List the prime factors of 4036060240.
2, 5, 23, 53, 41387
What are the prime factors of 270995936?
2, 19, 23, 19379
List the prime factors of 1315159149.
3, 107, 4097069
What are the prime factors of 53085525?
3, 5, 19, 37253
List the prime factors of 56766182.
2, 11, 234571
What are the prime factors of 86474733?
3, 17, 23, 73721
List the prime factors of 2704324.
2, 7, 59, 1637
List the prime factors of 53293356.
2, 3, 493457
What are the prime factors of 25584303?
3, 17, 23, 1283
List the prime factors of 70605593.
53, 1332181
List the prime factors of 832294793.
11, 41, 283, 6521
What are the prime factors of 2835433586?
2, 859, 1650427
What are the prime factors of 226652459?
11, 613, 33613
What are the prime factors of 5437950011?
13, 67, 179, 2683
List the prime factors of 1801682856.
2, 3, 25023373
What are the prime factors of 197036454?
2, 3, 227, 144667
What are the prime factors of 44724204?
2, 3, 7, 59159
What are the prime factors of 1193353628?
2, 2903, 102769
List the prime factors of 959763861.
3, 7, 617, 24691
What are the prime factors of 1654393757?
181, 9140297
What are the prime factors of 249333777?
3, 7, 11, 23, 15643
List the prime factors of 92203592.
2, 13, 263, 3371
List the prime factors of 170225279.
7, 24317897
What are the prime factors of 2218489547?
173, 12823639
List the prime factors of 101252828.
2, 239, 105913
List the prime factors of 49356840.
2, 3, 5, 13, 29, 1091
List the prime factors of 133223276.
2, 2053, 16223
List the prime factors of 36857614.
2, 18428807
What are the prime factors of 606617406?
2, 3, 139, 242453
What are the prime factors of 605198960?
2, 5, 1663, 4549
What are the prime factors of 161088693?
3, 47, 1142473
What are the prime factors of 144494481?
3, 59, 816353
List the prime factors of 283394287.
11, 59, 83, 5261
List the prime factors of 60079647.
3, 421, 47569
What are the prime factors of 73950721?
13, 5688517
What are the prime factors of 617858796?
2, 3, 19, 2709907
List the prime factors of 32365056.
2, 3, 19, 1109
List the prime factors of 1275064774.
2, 13693, 46559
List the prime factors of 1877267200.
2, 5, 521, 563
What are the prime factors of 220481480?
2, 5, 89, 61933
List the prime factors of 54015479.
7, 7716497
What are the prime factors of 126055434?
2, 3, 2647, 7937
List the prime factors of 107139969.
3, 83, 47809
What are the prime factors of 2753960038?
2, 277, 4971047
List the prime factors of 9617029374.
2, 3, 31, 51704459
List the prime factors of 1833427193.
13, 73, 1931957
What are the prime factors of 1143867108?
2, 3, 19, 5016961
What are the prime factors of 870810177?
3, 290270059
List the prime factors of 510124653.
3, 4349, 13033
List the prime factors of 3416755447.
7, 43, 1621621
What are the prime factors of 71958689?
11, 6541699
List the prime factors of 60025822.
2, 151, 198761
What are the prime factors of 68942996?
2, 17235749
List the prime factors of 159752246.
2, 79876123
What are the prime factors of 1062098768?
2, 41, 1619053
What are the prime factors of 2694186937?
13, 207245149
What are the prime factors of 68738067?
3, 19, 31, 12967
List the prime factors of 120891670.
2, 5, 2069, 5843
What are the prime factors of 189789700?
2, 5, 17, 111641
List the prime factors of 1306970551.
887, 1473473
What are the prime factors of 184818793?
347, 532619
List the prime factors of 23524433.
23524433
What are the prime factors of 115774087?
11, 13, 19, 42611
What are the prime factors of 883536133?
883536133
What are the prime factors of 204880066?
2, 149, 687517
List the prime factors of 42204569.
11, 347, 11057
What are the prime factors of 43110231?
3, 14370077
List the prime factors of 6212487.
3, 19, 108991
What are the prime factors of 46682492?
2, 2647, 4409
What are the prime factors of 6214375?
5, 61, 163
List the prime factors of 224317630.
2, 5, 673, 33331
List the prime factors of 3386475647.
41, 5413, 15259
List the prime factors of 1499424074.
2, 749712037
What are the prime factors of 854683126?
2, 11, 17, 2285249
List the prime factors of 33455761.
33455761
List the prime factors of 85755560.
2, 5, 11, 194899
List the prime factors of 37728914.
2, 479, 39383
List the prime factors of 3095333548.
2, 17, 19, 2395769
List the prime factors of 1208927326.
2, 19, 47, 676891
List the prime factors of 188512316.
2, 59, 798781
List the prime factors of 61614519.
3, 20538173
What are the prime factors of 2943008050?
2, 5, 58860161
List the prime factors of 475360812.
2, 3, 163, 9001
List the prime factors of 2420332336.
2, 41, 167, 22093
What are the prime factors of 604035275?
5, 863, 27997
List the prime factors of 57504237.
3, 7, 1223, 2239
List the prime factors of 66079776.
2, 3, 7, 107, 919
What are the prime factors of 93916264?
2, 13, 101, 8941
List the prime factors of 88490952.
2, 3, 11, 111731
List the prime factors of 389597352.
2, 3, 83, 195581
List the prime factors of 114018554.
2, 13, 73, 4621
What are the prime factors of 23240973?
3, 7, 41, 26993
What are the prime factors of 1656368469?
3, 7, 109, 241207
What are the prime factors of 39298644?
2, 3, 7, 11, 14177
List the prime factors of 685590601.
23, 2063, 14449
What are the prime factors of 57489080?
2, 5, 11, 130657
What are the prime factors of 89098971?
3, 13, 2284589
List the prime factors of 2001303815.
5, 7, 379, 3079
What are the prime factors of 1207869775?
5, 7, 6902113
List the prime factors of 1346135872.
2, 3019, 6967
List the prime factors of 1562813106.
2, 3, 31, 8402221
What are the prime factors of 57257986?
2, 929, 30817
What are the prime factors of 70034468?
2, 7, 199, 12569
List the prime factors of 621291677.
31, 71, 439, 643
List the prime factors of 239013586.
2, 7, 17072399
List the prime factors of 648559422.
2, 3, 7, 29, 177493
List the prime factors of 37352979.
3, 4150331
What are the prime factors of 325797467?
47, 73, 269, 353
What are the prime factors of 4356310621?
13, 7841, 42737
What are the prime factors of 1355421770?
2, 5, 349, 388373
What are the prime factors of 1169185243?
23, 31, 1639811
What are the prime factors of 8542975?
5, 7, 48817
List the prime factors of 1026359659.
13, 23, 89, 38569
List the prime factors of 23077461.
3, 11, 263, 2659
What are the prime factors of 1472714318?
2, 17, 83, 521869
What are the prime factors of 154704931?
41, 3773291
What are the prime factors of 1026773132?
2, 7, 11, 3333679
List the prime factors of 254043272.
2, 7, 47, 263, 367
What are the prime factors of 1623024182?
2, 13, 6301, 9907
List the prime factors of 11074690.
2, 5, 11, 83, 1213
List the prime factors of 5763102999.
3, 1921034333
What are the prime factors of 98901123?
3, 127, 259583
List the prime factors of 125640365.
5, 31, 810583
List the prime factors of 69801115.
5, 29, 481387
What are the prime factors of 29700109?
181, 164089
What are the prime factors of 54108004?
2, 971, 13931
What are the prime factors of 131902029?
3, 7, 67, 31249
What are the prime factors of 65090204?
2, 31, 524921
List the prime factors of 140519457.
3, 13, 1201021
What are the prime factors of 8406336203?
8406336203
What are the prime factors of 748034942?
2, 73, 5123527
What are the prime factors 